{"id":147,"date":"2017-08-20T13:47:00","date_gmt":"2017-08-20T12:47:00","guid":{"rendered":"http:\/\/tomatis-center.at\/wordpress\/?page_id=147"},"modified":"2017-08-20T13:47:00","modified_gmt":"2017-08-20T12:47:00","slug":"anwendungen","status":"publish","type":"page","link":"https:\/\/tomatis-center.at\/wordpress\/?page_id=147","title":{"rendered":"Anwendungen"},"content":{"rendered":"<p>Bei uns sind Sie richtig, &#8230;<br \/>\n\u2026 wenn Ihr Kind Lernschwierigkeiten \/ Teilleistungsschw\u00e4chen hat,<br \/>\nbeim Lesen, Schreiben (LRS, Legasthenie), Rechnen (Dyskalkulie), bei der Aufmerksamkeit, bei Konzentration, Merkf\u00e4higkeit, beim Erlernen einer Fremdsprache.<br \/>\n&#8230; wenn sich die Sprache \/ Kommunikation Ihres Kindes<br \/>\nnicht altersgem\u00e4\u00df entwickelt, wie Probleme mit Satzaufbau, Wortschatz, Wortfindung, Grammatik, Sprachfluss, sprachlicher Ausdruck.<br \/>\n&#8230; wenn sich die Motorik Ihres Kindes<br \/>\nnicht altersgem\u00e4\u00df entwickelt, wie Gleichgewicht, Haltung, Grob- \/ feinmotorische Schwierigkeiten, Tonus, Schriftbild, Koordination.<br \/>\n\u2026 wenn Ihr Kind die Diagnose<br \/>\n\u201eWahrnehmungsst\u00f6rung\u201c, \u201eGleichgewichtsst\u00f6rung\u201c, \u201eRaumorientierungsschw\u00e4che\u201c, \u201eEntwicklungsverz\u00f6gerung\u201c, \u201eProbleme in der Sensomotorik \/ Feinmotorik\u201c erhalten hat.<br \/>\n&#8230; wenn Sie sich sorgen, weil Ihr Kind sich ungew\u00f6hnlich verh\u00e4lt,<br \/>\nweil es hyperaktiv, aggressiv, impulsiv ist (Verdacht auf ADHS), vertr\u00e4umt, \u00fcber\u00e4ngstlich, unselbst\u00e4ndig ist (Verdacht auf ADS, Mutismus, o.\u00e4.), mangelndes Selbstbewusstsein oder Kontaktschwierigkeiten hat.<br \/>\n\u00a0<br \/>\n\u00a0<br \/>\nAnwendung f\u00fcr Erwachsene<br \/>\nBei uns sind Sie richtig, &#8230;<br \/>\n&#8230; wenn Stress, Ersch\u00f6pfung, depressive Stimmungen, Burnout<br \/>\noder Ger\u00e4uschempfindlichkeit, Nervosit\u00e4t, Schlafprobleme, H\u00f6rsturz, Tinnitus, Ihre Befindlichkeit beeintr\u00e4chtigen.<br \/>\n&#8230; wenn Sie h\u00f6ren,<br \/>\naber nicht gut verstehen k\u00f6nnen.<br \/>\n&#8230; wenn Missverst\u00e4ndnisse, \u00c4ngste, Hemmungen,<br \/>\nt\u00e4gliche Anforderungen, oder Erinnerungen traumatischer Ereignisse Ihre Beziehungen bzw. Ihren Alltag belasten.<br \/>\n&#8230; wenn Sie kognitive F\u00e4higkeiten, Konzentration, Ged\u00e4chtnis,<br \/>\noder Kommunikation und Ausdrucksverm\u00f6gen verbessern m\u00f6chten.<br \/>\n&#8230; wenn Sie sich pers\u00f6nlich weiter entwickeln,<br \/>\nsicher und kompetent auftreten m\u00f6chten, eine Fremdsprache schneller erlernen wollen, oder sich w\u00e4hrend der Schwangerschaft auf die Geburt Ihres Kindes vorbereiten m\u00f6chten.<br \/>\n\u00a0<br \/>\n\u00a0<br \/>\nWeitere Anwendungsbereiche<br \/>\nErfolgreich angewendet wurde die H\u00f6rtherapie auch in weiteren Bereichen. Wir informieren Sie umfassend und sichern Ihnen Vertraulichkeit zu. Sie erreichen uns unter:<br \/>\n\u00a0<br \/>\nTel. 02716 \/ 76688 \u2022 e-mail: info@iavw.at<\/p>\n","protected":false},"excerpt":{"rendered":"<p>Bei uns sind Sie richtig, &#8230; \u2026 wenn Ihr Kind Lernschwierigkeiten \/ Teilleistungsschw\u00e4chen hat, beim Lesen, Schreiben (LRS, Legasthenie), Rechnen (Dyskalkulie), bei der Aufmerksamkeit, bei Konzentration, Merkf\u00e4higkeit, beim Erlernen einer Fremdsprache. &#8230; wenn sich die Sprache \/ Kommunikation Ihres Kindes nicht altersgem\u00e4\u00df entwickelt, wie Probleme mit Satzaufbau, Wortschatz, Wortfindung, Grammatik, Sprachfluss, sprachlicher Ausdruck. &#8230; wenn &hellip;<\/p>\n","protected":false},"author":2,"featured_media":0,"parent":0,"menu_order":0,"comment_status":"closed","ping_status":"closed","template":"","meta":{"footnotes":""},"_links":{"self":[{"href":"https:\/\/tomatis-center.at\/wordpress\/index.php?rest_route=\/wp\/v2\/pages\/147"}],"collection":[{"href":"https:\/\/tomatis-center.at\/wordpress\/index.php?rest_route=\/wp\/v2\/pages"}],"about":[{"href":"https:\/\/tomatis-center.at\/wordpress\/index.php?rest_route=\/wp\/v2\/types\/page"}],"author":[{"embeddable":true,"href":"https:\/\/tomatis-center.at\/wordpress\/index.php?rest_route=\/wp\/v2\/users\/2"}],"replies":[{"embeddable":true,"href":"https:\/\/tomatis-center.at\/wordpress\/index.php?rest_route=%2Fwp%2Fv2%2Fcomments&post=147"}],"version-history":[{"count":1,"href":"https:\/\/tomatis-center.at\/wordpress\/index.php?rest_route=\/wp\/v2\/pages\/147\/revisions"}],"predecessor-version":[{"id":148,"href":"https:\/\/tomatis-center.at\/wordpress\/index.php?rest_route=\/wp\/v2\/pages\/147\/revisions\/148"}],"wp:attachment":[{"href":"https:\/\/tomatis-center.at\/wordpress\/index.php?rest_route=%2Fwp%2Fv2%2Fmedia&parent=147"}],"curies":[{"name":"wp","href":"https:\/\/api.w.org\/{rel}","templated":true}]}}