{"id":166,"date":"2017-08-20T13:55:39","date_gmt":"2017-08-20T12:55:39","guid":{"rendered":"http:\/\/tomatis-center.at\/wordpress\/?page_id=166"},"modified":"2017-08-20T13:55:39","modified_gmt":"2017-08-20T12:55:39","slug":"entstehung","status":"publish","type":"page","link":"https:\/\/tomatis-center.at\/wordpress\/?page_id=166","title":{"rendered":"Entstehung"},"content":{"rendered":"<p><strong>Wie entstehen H\u00f6rverarbeitungsst\u00f6rungen?<\/strong><\/p>\n<p>Sie k\u00f6nnen sich in jedem Alter manifestieren. Die Ursachen k\u00f6nnen Entwicklungsst\u00f6rungen sein, eine belastende Schwangerschaft, eine schwierige Geburt, oder sie resultieren aus traumatischen Erlebnissen die auch in die fr\u00fche Kindheit zur\u00fcckreichen k\u00f6nnen, oft\u00a0 bis in die vorgeburtliche Zeit im Mutterleib.\u00a0<\/p>\n<p>Das Ohr des Kindes im Mutterleib ist als erstes seiner Sinnesorgane bereits Mitte der Schwangerschaft vollst\u00e4ndig entwickelt. Lange vor allen anderen Sinnesorganen, lange vor der Ausreifung des Gehirns und des Nervensystems. Es muss sein ganzes H\u00f6rgef\u00fcge zun\u00e4chst einmal auf alle Ger\u00e4usche einstellen, die es sowohl im Bauch seiner Mutter als auch von au\u00dfen wahrnimmt. Bald wird es den Herzschlag seiner Mutter heraush\u00f6ren und ab jetzt zunehmend lernen, diesen pochenden Rhythmus von den Ger\u00e4uschen der Atmung, der Blutgef\u00e4\u00dfe und Gelenksbewegungen seiner Mutter zu unterscheiden. Vor allem wird das Kind im Mutterleib auf eine Stimme hinh\u00f6ren, die es ab Mitte der Schwangerschaft mit lebenswichtiger Energie versorgen wird \u2013 auf die Stimme der Mutter, die durch die Vibration des Kehlkopfes \u00fcber die Wirbels\u00e4ule und das Becken zum Ohr des Kindes im Mutterleib gelangt.<\/p>\n<p>Die ben\u00f6tigten akustischen Einfl\u00fcsse sind f\u00fcr das werdende Leben von gro\u00dfer Bedeutung und entscheidend f\u00fcr die Entfaltung seines Befindens und seiner psychomotorischen und psycholinguistischen Reifung. Das Kind im Mutterleib muss Geborgenheit f\u00fchlen, es muss emotionalen Kontakt mit seiner Mutter haben und die Stimme seiner Mutter als angenehme H\u00f6rerfahrung erleben k\u00f6nnen, damit Fehleinfl\u00fcsse keine Wirkung haben. Andererseits wird es so die ersten Erlebnisse von Verlust und Alleinseins\u00e4ngsten empfinden. Wird das Ur-Vertrauen in dieser fr\u00fchen Phase der Entwicklung nicht erlebt und integriert, wird sich der Mensch nur mit gewissen Einschr\u00e4nkungen entwickeln k\u00f6nnen. Das negative Urgef\u00fchl kann ihn ein ganzes Leben begleiten, sofern es nicht zu einer Aufarbeitung dieses Ur-Schmerzes kommt.<\/p>\n","protected":false},"excerpt":{"rendered":"<p>Wie entstehen H\u00f6rverarbeitungsst\u00f6rungen? Sie k\u00f6nnen sich in jedem Alter manifestieren. Die Ursachen k\u00f6nnen Entwicklungsst\u00f6rungen sein, eine belastende Schwangerschaft, eine schwierige Geburt, oder sie resultieren aus traumatischen Erlebnissen die auch in die fr\u00fche Kindheit zur\u00fcckreichen k\u00f6nnen, oft\u00a0 bis in die vorgeburtliche Zeit im Mutterleib.\u00a0 Das Ohr des Kindes im Mutterleib ist als erstes seiner Sinnesorgane bereits &hellip;<\/p>\n","protected":false},"author":2,"featured_media":0,"parent":0,"menu_order":0,"comment_status":"closed","ping_status":"closed","template":"","meta":{"footnotes":""},"_links":{"self":[{"href":"https:\/\/tomatis-center.at\/wordpress\/index.php?rest_route=\/wp\/v2\/pages\/166"}],"collection":[{"href":"https:\/\/tomatis-center.at\/wordpress\/index.php?rest_route=\/wp\/v2\/pages"}],"about":[{"href":"https:\/\/tomatis-center.at\/wordpress\/index.php?rest_route=\/wp\/v2\/types\/page"}],"author":[{"embeddable":true,"href":"https:\/\/tomatis-center.at\/wordpress\/index.php?rest_route=\/wp\/v2\/users\/2"}],"replies":[{"embeddable":true,"href":"https:\/\/tomatis-center.at\/wordpress\/index.php?rest_route=%2Fwp%2Fv2%2Fcomments&post=166"}],"version-history":[{"count":1,"href":"https:\/\/tomatis-center.at\/wordpress\/index.php?rest_route=\/wp\/v2\/pages\/166\/revisions"}],"predecessor-version":[{"id":168,"href":"https:\/\/tomatis-center.at\/wordpress\/index.php?rest_route=\/wp\/v2\/pages\/166\/revisions\/168"}],"wp:attachment":[{"href":"https:\/\/tomatis-center.at\/wordpress\/index.php?rest_route=%2Fwp%2Fv2%2Fmedia&parent=166"}],"curies":[{"name":"wp","href":"https:\/\/api.w.org\/{rel}","templated":true}]}}