{"id":169,"date":"2017-08-20T13:57:14","date_gmt":"2017-08-20T12:57:14","guid":{"rendered":"http:\/\/tomatis-center.at\/wordpress\/?page_id=169"},"modified":"2017-08-20T14:19:54","modified_gmt":"2017-08-20T13:19:54","slug":"statusbestimmung","status":"publish","type":"page","link":"https:\/\/tomatis-center.at\/wordpress\/?page_id=169","title":{"rendered":"Statusbestimmung"},"content":{"rendered":"<p><strong>Statusbestimmung und auditiver Wahrnehmungstest<\/strong><\/p>\n<p>Es gibt eine M\u00f6glichkeit, die H\u00f6rverarbeitung und Wahrnehmungsleistung bei Kindern und Erwachsenen auf ihre Funktion zu pr\u00fcfen &#8211; den auditiven Wahrnehmungstest. Dieser Test sollte nicht mit dem H\u00f6rtest des HNO-Arztes verwechselt werden. Ob man gut oder nicht so gut h\u00f6rt erkennt man hier zwar auch, vor allem aber gibt dieser Test Aufschluss, ob das vorliegende Problem auf eine auditive Verarbeitungs- und Wahrnehmungsst\u00f6rung (AVWS) zur\u00fcckzuf\u00fchren ist bzw. ob eine AVWS damit in Zusammenhang steht. \u00a0<\/p>\n<p>Das folgende anamnestische Gespr\u00e4ch gibt Aufschluss, ob die Anwendung einer H\u00f6rtherapie sinnvoll ist und wie sie im jeweiligen Fall eingesetzt werden kann. Die H\u00f6rtherapie \u00a0wird nach erfolgter Anamnese und entsprechend dem Ergebnis des auditiven Wahrnehmungstests ausgerichtet.\u00a0<\/p>\n<p>Statusbestimmung und Wahrnehmungstest werden manchmal auch unabh\u00e4ngig von einer H\u00f6rtherapie als reine Diagnostik gew\u00fcnscht. Eine Empfehlung f\u00fcr den auditiven Wahrnehmungstest gilt f\u00fcr Kinder und Erwachsene mit einem oder mehr der angef\u00fchrten Probleme unter <a href=\"http:\/\/tomatis-center.at\/wordpress\/?page_id=147\">Anwendungen<\/a> und als Prophylaxe f\u00fcr Kinder des letzten Kindergartenjahres. <\/p>\n","protected":false},"excerpt":{"rendered":"<p>Statusbestimmung und auditiver Wahrnehmungstest Es gibt eine M\u00f6glichkeit, die H\u00f6rverarbeitung und Wahrnehmungsleistung bei Kindern und Erwachsenen auf ihre Funktion zu pr\u00fcfen &#8211; den auditiven Wahrnehmungstest. Dieser Test sollte nicht mit dem H\u00f6rtest des HNO-Arztes verwechselt werden. Ob man gut oder nicht so gut h\u00f6rt erkennt man hier zwar auch, vor allem aber gibt dieser Test &hellip;<\/p>\n","protected":false},"author":2,"featured_media":0,"parent":0,"menu_order":0,"comment_status":"closed","ping_status":"closed","template":"","meta":{"footnotes":""},"_links":{"self":[{"href":"https:\/\/tomatis-center.at\/wordpress\/index.php?rest_route=\/wp\/v2\/pages\/169"}],"collection":[{"href":"https:\/\/tomatis-center.at\/wordpress\/index.php?rest_route=\/wp\/v2\/pages"}],"about":[{"href":"https:\/\/tomatis-center.at\/wordpress\/index.php?rest_route=\/wp\/v2\/types\/page"}],"author":[{"embeddable":true,"href":"https:\/\/tomatis-center.at\/wordpress\/index.php?rest_route=\/wp\/v2\/users\/2"}],"replies":[{"embeddable":true,"href":"https:\/\/tomatis-center.at\/wordpress\/index.php?rest_route=%2Fwp%2Fv2%2Fcomments&post=169"}],"version-history":[{"count":5,"href":"https:\/\/tomatis-center.at\/wordpress\/index.php?rest_route=\/wp\/v2\/pages\/169\/revisions"}],"predecessor-version":[{"id":191,"href":"https:\/\/tomatis-center.at\/wordpress\/index.php?rest_route=\/wp\/v2\/pages\/169\/revisions\/191"}],"wp:attachment":[{"href":"https:\/\/tomatis-center.at\/wordpress\/index.php?rest_route=%2Fwp%2Fv2%2Fmedia&parent=169"}],"curies":[{"name":"wp","href":"https:\/\/api.w.org\/{rel}","templated":true}]}}