{"id":175,"date":"2017-08-20T14:03:19","date_gmt":"2017-08-20T13:03:19","guid":{"rendered":"http:\/\/tomatis-center.at\/wordpress\/?page_id=175"},"modified":"2017-08-20T14:22:31","modified_gmt":"2017-08-20T13:22:31","slug":"ablauf","status":"publish","type":"page","link":"https:\/\/tomatis-center.at\/wordpress\/?page_id=175","title":{"rendered":"Therapie"},"content":{"rendered":"<p>Die Anwendung wird mit einem elektronischen Therapieger\u00e4t und speziellen Kopfh\u00f6rern, welche eine simultane Klang\u00fcbertragung \u00fcber Luft- und Knochenleitung erm\u00f6glichen, durchgef\u00fchrt. Dabei werden nach einem individuellen Behandlungsplan stimulierende, konditionierende und aktiv \u00fcbende Verfahren angewendet. Konzentriertes Zuh\u00f6ren ist nicht erforderlich. Man kann sich in dieser Zeit zus\u00e4tzlich mit anderen Dingen besch\u00e4ftigen oder einfach entspannen.\u00a0<\/p>\n<p>Die auditive Wahrnehmungstherapie ist viel mehr als eine Musik- oder Klangtherapie im herk\u00f6mmlichen Sinn. Die Wirkung der Methode resultiert aus technischen Einstellungen nach dem Ergebnis der vorausgegangenen Statusbestimmung und des auditiven Wahrnehmungstests, der Aufschluss \u00fcber die zentrale Verarbeitung gibt.<\/p>\n<ul>\n<li>Durch den ab einem bestimmten Schalldruck ausgel\u00f6sten Wechsel von einem Frequenzniveau in ein anderes, werden die Muskeln der kleinsten Knochen des menschlichen Organismus &#8211; die Geh\u00f6rkn\u00f6chelchen &#8211; trainiert. <\/li>\n<li>Durch zunehmend hohe Frequenzen wird das Gehirn intensiv mit Energie versorgt, was zu einem Zustand geistiger Wachheit f\u00fchrt und Konzentration, Merkf\u00e4higkeit und Kreativit\u00e4t f\u00f6rdert.<\/li>\n<li>Durch die auditive Stimulierung erf\u00e4hrt nicht nur das H\u00f6ren, es erfahren auch die \u00fcbrigen Sinnesaktivit\u00e4ten eine nachhaltige Verbesserung. Sie reagieren angemessener und arbeiten differenzierter. \u00dcber die Eingangspforte Ohr erreicht man den Menschen als Ganzes.<\/li>\n<li>Sicheres Gleichgewicht und gute Bewegungskoordination entlasten das Gehirn von unn\u00f6tiger Kompensationsleistung. Die aufrechte K\u00f6rperhaltung bewirkt eine bessere Atmung. Das emotionale und vegetative Gleichgewicht wird wieder hergestellt.<\/li>\n<li>Alle schwierigen Lebenserfahrungen, die sich sp\u00e4ter in H\u00f6rverweigerungen, Resignationen, Depressionen, Aggressionen, Arbeits- und Lernunlust, mangelndem Selbstvertrauen usw. zeigen, k\u00f6nnen jetzt positiv umgewandelt und abgebaut werden.<\/li>\n<\/ul>\n<p>Therapie f\u00fcr Kinder: Die individuelle Behandlung bietet Ihrem Kind eine ruhige, entspannte und gleichzeitig spielerische Atmosph\u00e4re. Je besser es den Eltern geht, desto besser geht es auch ihren Kindern. Deshalb k\u00f6nnen sich die Mutter oder der Vater w\u00e4hrend der Therapie ihrer Kinder bei einem kostenlosen begleitenden H\u00f6rkur-Programm entspannen.<\/p>\n<p>Ob eine H\u00f6rtherapie im Einzelfall sinnvoll ist, entscheidet sich immer nach einer Statusbestimmung mit auditivem Wahrnehmungstest. Die Kosten daf\u00fcr betragen \u20ac 70. F\u00fcr eine Statusbestimmung melden Sie sich am besten telefonisch an:<br \/>\nTel. 02716 \/ 76688<\/p>\n","protected":false},"excerpt":{"rendered":"<p>Die Anwendung wird mit einem elektronischen Therapieger\u00e4t und speziellen Kopfh\u00f6rern, welche eine simultane Klang\u00fcbertragung \u00fcber Luft- und Knochenleitung erm\u00f6glichen, durchgef\u00fchrt. Dabei werden nach einem individuellen Behandlungsplan stimulierende, konditionierende und aktiv \u00fcbende Verfahren angewendet. Konzentriertes Zuh\u00f6ren ist nicht erforderlich. Man kann sich in dieser Zeit zus\u00e4tzlich mit anderen Dingen besch\u00e4ftigen oder einfach entspannen.\u00a0 Die auditive Wahrnehmungstherapie &hellip;<\/p>\n","protected":false},"author":2,"featured_media":0,"parent":0,"menu_order":0,"comment_status":"closed","ping_status":"closed","template":"","meta":{"footnotes":""},"_links":{"self":[{"href":"https:\/\/tomatis-center.at\/wordpress\/index.php?rest_route=\/wp\/v2\/pages\/175"}],"collection":[{"href":"https:\/\/tomatis-center.at\/wordpress\/index.php?rest_route=\/wp\/v2\/pages"}],"about":[{"href":"https:\/\/tomatis-center.at\/wordpress\/index.php?rest_route=\/wp\/v2\/types\/page"}],"author":[{"embeddable":true,"href":"https:\/\/tomatis-center.at\/wordpress\/index.php?rest_route=\/wp\/v2\/users\/2"}],"replies":[{"embeddable":true,"href":"https:\/\/tomatis-center.at\/wordpress\/index.php?rest_route=%2Fwp%2Fv2%2Fcomments&post=175"}],"version-history":[{"count":2,"href":"https:\/\/tomatis-center.at\/wordpress\/index.php?rest_route=\/wp\/v2\/pages\/175\/revisions"}],"predecessor-version":[{"id":194,"href":"https:\/\/tomatis-center.at\/wordpress\/index.php?rest_route=\/wp\/v2\/pages\/175\/revisions\/194"}],"wp:attachment":[{"href":"https:\/\/tomatis-center.at\/wordpress\/index.php?rest_route=%2Fwp%2Fv2%2Fmedia&parent=175"}],"curies":[{"name":"wp","href":"https:\/\/api.w.org\/{rel}","templated":true}]}}